t of ((-4)/v + -14)*-2?
2
Let p(y) = -y - 3. Let q be p(3). Let i be (-67)/(-5) - q/(-15). Suppose -2*g - 72 = -3*n, n - 11 = -g + i. What is the tens digit of n?
2
Suppose -6*j - 5 = -35. Suppose 3*s + w - 81 = 0, -j*w - 75 - 60 = -5*s. What is the units digit of s?
7
Let q(s) = s + 4. Let n be q(0). Suppose x = 9 - 4, z = n*x + 68. Suppose 0 = g - 2*l - z, -3*l = 7*g - 2*g - 388. What is the units digit of g?
0
Let l(q) = 12*q - 3*q + 1 + 2*q. Suppose 9*v = 6*v + 3. What is the tens digit of l(v)?
1
Let z(j) be the first derivative of j**2/2 + 14*j - 16. Let s be -18*-1*2/(-3). What is the units digit of z(s)?
2
Let i = -1422 - -4517. What is the hundreds digit of i?
0
Let t = 19 + -1. Suppose t = 5*c - 32. Suppose 0 = -2*y + c + 50. What is the units digit of y?
0
Let w = -11 - -28. Suppose -16*g - 23 = -w*g. What is the units digit of g?
3
Suppose 9 = -3*d, -26*b + 21*b + 1536 = 3*d. What is the units digit of b?
9
Let r = 88 - 133. Suppose 0 = 2*x - 224 + 66. Let d = r + x. What is the tens digit of d?
3
Let t = -81 + 77. What is the units digit of t*((-39)/15)/((-2)/(-35))?
2
Let u be -3 - (-1*247 - 2/(-2)). Suppose 7*t = 999 - u. What is the units digit of t?
8
Let i(w) = w**2 + 6*w + 0*w**2 - 2*w - 2*w + 7. What is the units digit of i(-4)?
5
Let q(o) = -11*o**2 + o + 3. Let i be q(3). Let z = i + 196. What is the hundreds digit of z?
1
Let a(v) = v**3 - 4*v**2 - 4*v - 7. Let m be a(5). What is the units digit of (-5)/((-20)/104) + -1 + m?
3
Let z = -21 + 29. Suppose -z*x = -4*x - 20. Suppose 0 = -b + x*b - 4. What is the units digit of b?
1
Let f(a) = -87*a - 799. What is the hundreds digit of f(-54)?
8
Let w be 5 - (-2 + -2 + 4). Suppose 5 = a + 5*g + 4, w*g + 51 = a. What is the tens digit of a?
2
Suppose 5*t + 11 = 4*z - 489, 4*t + 4*z = -364. Let m = -46 - t. What is the tens digit of m?
5
Let v(l) = -l**3 - 2*l**2 - 3*l. Let w be v(-2). Let a be 4/w*(-2 + 8). Suppose a*j + 5*z = 3*j + 20, -2*j - 2*z + 24 = 0. What is the tens digit of j?
1
Let w = -10 + 23. Let i = 21 - w. Let z = i + 3. What is the tens digit of z?
1
Suppose -q - 4*j = -222, 141 = 2*q + j - 324. Suppose 2*c = -66 + q. What is the units digit of c?
4
Let j(s) be the first derivative of -3*s**2/2 + 3*s - 6. Let r be j(2). Let d = r + 17. What is the tens digit of d?
1
Let p be ((-2)/4)/(6/(-144)). Suppose 3*r = -t + 5*t - p, -r = -5*t + 26. Suppose t = -3*s - 6, 64 = 4*v - 3*s. What is the tens digit of v?
1
Suppose -133 + 333 = 4*w. What is the units digit of 4/3*225/w?
6
Suppose 4*f - 9*f = -5*r + 3490, 5*r + 2*f = 3469. What is the units digit of r?
5
Let p = 146 - -24. What is the units digit of p?
0
Suppose -4*u - i + 12957 = 0, -2*u - i + 6481 = 2*i. What is the units digit of u?
9
Let w(o) = -5*o**3 + 8*o**2 - o - 47. What is the hundreds digit of w(-9)?
2
What is the units digit of (-6)/(-7) + (-7839)/(-91)?
7
Let n be 7/(-4) - 2/8. Let d = 28 + -24. Let i = n + d. What is the units digit of i?
2
Let i(s) = -s**2 - 5*s - 10. Let d be i(-4). Let r be (d/10 - -1)*5. Suppose -r*t = 2*f - 20 - 14, -2*f + 5*t + 48 = 0. What is the units digit of f?
9
Let w = 2630 - 1473. What is the units digit of w?
7
Suppose -4*o + 197*w + 4699 = 192*w, 5*w + 2357 = 2*o. What is the thousands digit of o?
1
Let j(p) = 7*p**3 - 2*p**2 - 2. Suppose -3*o = 5*m + 4, 0 = -7*m + 6*m - 2. What is the units digit of j(o)?
6
Let y be ((-1)/(-1))/((-3)/(-234)). Suppose z - y = -0*z. Suppose -5*u + z + 37 = 0. What is the units digit of u?
3
Suppose 2*r + 581 = m, -r = 2 + 3. Suppose -4*j - 5*u = -709, 3*u + 269 = 5*j - m. What is the hundreds digit of j?
1
Let d(b) = 43*b. Let c be d(-3). What is the tens digit of (c/(-6))/(4/8)?
4
Suppose 0 = 13*u - 10*u - 3639. Suppose -4*w - 345 = -u. What is the units digit of w?
7
Let m be (-2)/(-7) - (-360)/63. Suppose q = -0 + m. Suppose q*j + 46 = 226. What is the tens digit of j?
3
Let z(s) = s**3 - 24*s**2 - 26*s + 9. Let g be z(25). Let i = 164 + g. What is the units digit of i?
8
Let o = -680 + 1071. What is the tens digit of o?
9
Let c be -2 - -2*(-20)/(-8). Suppose 0 = -5*h, -236 = -2*x + h + c*h. What is the hundreds digit of x?
1
Suppose 4*o = -l + 3, l + 0*l = o + 3. Suppose 1027 = -l*s + 145. What is the tens digit of (3/(-9))/(2/s)?
4
Suppose -c + 20 = -20. Suppose h - c = -2*q, 2*q - h - 2*h - 56 = 0. What is the units digit of q?
2
Suppose -1 = 5*n - 21. Suppose -p + 45 = 5*m + n*p, 2*m - 2*p = 2. Suppose -4*g + 168 = 4*c, 2*c - 5*c = m*g - 136. What is the units digit of c?
7
Let f be (-3*1/(-6))/((-5)/(-1140)). Let b = -111 + f. What is the units digit of b?
3
Suppose 3*k - 305 = -4*m, -3*k - 89 = -3*m + 124. Suppose m = 4*o - 210. What is the units digit of o?
1
Let q(i) = 7*i**2 - 3*i + 1. Let u(p) = -2*p + 9. Let d be u(3). Let l be q(d). What is the tens digit of (-11)/l + (-61)/(-5)?
1
Let s be 4 + -7 + (-1)/((-4)/2300). Suppose -10*g - g + s = 0. What is the units digit of g?
2
Let g be 3/9 - (-166)/6. Suppose 3*i = -i - g. Let o(f) = -2*f + 9. What is the tens digit of o(i)?
2
Let g(d) = d - 2. Let r be g(0). Let k be (r - -4)*1 - 7. Let o = k - -30. What is the units digit of o?
5
Suppose -5*h = -410 - 380. What is the units digit of (0 + 2)/(478/h - 3)?
9
What is the tens digit of 20205/33*3 - 20/(-110)?
3
Suppose 21*x - 10705 + 2368 = 0. What is the tens digit of x?
9
Let v(n) = -18*n - 59. What is the hundreds digit of v(-14)?
1
Let p(c) = 2*c**2 + 3*c + 28. What is the tens digit of p(13)?
0
Let o(n) be the second derivative of 7*n**3/6 - 17*n**2 - 16*n. What is the units digit of o(5)?
1
Let t = -215 + 1297. What is the units digit of t?
2
What is the units digit of (2*295)/(-10 + 12)?
5
Let p(c) = 4*c - 9. Let i be p(6). Suppose -f = i + 16. Let s = 43 + f. What is the units digit of s?
2
Suppose -221*v = -220*v - 394. What is the units digit of v?
4
Let b be (-8)/(-1*(-4)/6). Suppose 15 = -5*r + 4*h, -1 = r - 3*h + 2. What is the tens digit of r/b - 369/(-12)?
3
Let j = 262 + 239. What is the hundreds digit of j?
5
Suppose 0 = -j + 215 + 170. What is the tens digit of j?
8
Let u = -78 + 124. Suppose -4*h + 39 = -49. Let f = u - h. What is the tens digit of f?
2
Let w(m) = 17*m**2 - 4*m + 8. What is the hundreds digit of w(5)?
4
Let h = 222 + -37. Suppose z + 5*u = h, 173 = 3*z - 2*z + u. What is the tens digit of z?
7
What is the units digit of (-8195)/(-3) - (-11)/(66/(-4))?
1
Suppose 0 = 2*o + 4, 3*j + 2*o - 616 = 730. What is the units digit of j?
0
Let x = 6 - -26. Let w be -48*1*(-1 - -3)/(-6). Let c = x - w. What is the tens digit of c?
1
Suppose m = -8*d + 64, 14*m = 9*m + 2*d + 446. What is the tens digit of m?
8
Let c(o) = -2*o + 18. Let m be c(0). Let s = m - 19. Let j = s + 5. What is the units digit of j?
4
Let h(s) = 17*s + 11. Let r(t) = 9*t + 6. Let c(f) = -6*h(f) + 11*r(f). Let a be c(-1). What is the tens digit of 11 + 0/(a/3)?
1
What is the tens digit of 3/6 + 978/12?
8
Let i = 1120 + -620. What is the hundreds digit of i?
5
Suppose 2*i - z = 1, -19 = -3*i + 2*z + 3*z. What is the units digit of (14/35)/(i/(-260))?
2
Suppose -31 = q + 44. What is the tens digit of ((-204)/(-10))/(2 + 140/q)?
5
Suppose c - 676 = 567. What is the hundreds digit of c?
2
Suppose -5*h - x + 68 = x, -4*h = 3*x - 53. Let n = h + 8. Suppose 0 = a - 3 - n. What is the units digit of a?
5
Let b(j) = j - 2. Let z be b(4). Suppose -z*r = -4 - 10. Let a = 16 - r. What is the units digit of a?
9
Let j(q) = 5*q**2 - 12*q + 7. Let c(l) = -4*l**2 + 11*l - 6. Let f(a) = 4*c(a) + 3*j(a). Let g be f(3). What is the units digit of (6/g)/((-3)/(-18))?
3
Suppose -o = 5*c - 182 - 553, -1414 = -2*o + 4*c. What is the tens digit of o?
1
Let j(u) = 2*u**2 - 7*u - 56. What is the tens digit of j(22)?
5
Let a(h) = 198*h**3 - 8*h**2 + 7*h. What is the units digit of a(2)?
6
Suppose -4*o + 2*w + 14896 = 0, -2*o - 2*w - 1251 = -8705. What is the thousands digit of o?
3
What is the tens digit of 237/(-4)*52/(-3)?
2
Suppose -a = 7*a - 376. Suppose 30*m - 29*m = a. What is the units digit of m?
7
Let p(t) = t**2 - 5*t - 6. Let l = 1 + 5. Let c be p(l). Suppose -h + 12 = -c. What is the tens digit of h?
1
Suppose -4*a - 1 = g - 4*g, 5*g + 3*a = -8. Let m be (-14)/(-1 - (g - -2)). Suppose 25 = m*v - 241. What is the tens digit of v?
3
Suppose 5*w